(-15)?
1
What is the units digit of 205/(-82)*21232/(-10)?
8
Let b be 31/(-155) + 98/(-10). What is the tens digit of -2 - (-225)/(-30)*828/b?
1
Suppose 0 = 215*h - 212*h - 103827. What is the thousands digit of h?
4
Let z(b) = 2*b + 34. Let o be z(-21). Let m be ((-44)/o - 4)*52. Let v = 62 + m. What is the hundreds digit of v?
1
Let m(z) be the third derivative of z**4/6 - 17*z**3/6 - 16*z**2. Let a be m(7). Suppose a*k - 762 = 5*k. What is the tens digit of k?
2
Suppose -6 = 3*a, v - 9 = -0*v + 5*a. Let z = 117 + v. What is the tens digit of z?
1
Let u = 135 - 123. What is the hundreds digit of ((-102)/u)/((-2)/36)?
1
Let i(n) = 7*n - 5*n**3 + 4*n**3 - 9 + n - 3*n**2 - 4*n**2. Let u = 143 - 152. What is the tens digit of i(u)?
8
Suppose 5*i - 3*a - 2 = 21, 6 = i - 2*a. Suppose -216 = 5*h + 2*f, 4*h = -3*f + i*f - 165. What is the tens digit of h/14 + (-74)/(-1)?
7
Let z = -92 - -95. Suppose -5*h + 6164 = -z*b, -14*h + 11*h + 3708 = 3*b. What is the tens digit of h?
3
Let g(m) = -m**3 + 9*m**2 - 7*m + 555. What is the tens digit of g(0)?
5
Let z = -6451 + 27522. What is the thousands digit of z?
1
Suppose 2*g = -4*j + 30, -4*g + 96 = -4*j - 0*j. Suppose g*a = 15*a + 966. Suppose 3*u = -2*n + 4*u + a, 4*n + 2*u = 302. What is the units digit of n?
8
Suppose 0 = -8*t + 672 + 576. Suppose t - 96 = 5*k. What is the tens digit of k?
1
Let a(g) = 2*g**2 + g - 2. Let n be a(1). Let h be (n + 1/2)*-2. What is the tens digit of 9 + -3 + h + 61?
6
Let b be (164/205)/(4/10). Suppose 4*t - 1354 = b*q, q - 6*q = 2*t - 647. What is the hundreds digit of t?
3
Suppose 73*o = 32*o. Let l = 4 + -3. What is the units digit of (o + l)/(7/483)?
9
Let o(t) = 38*t + 41. Let v(a) = 10*a - 44. Let h be v(5). What is the units digit of o(h)?
9
Let q(r) = r**3 + 56*r**2 + 56*r - 28. Let v be q(-55). Let o = -79 + 38. Let f = o - v. What is the units digit of f?
2
Let p = 4134 + 4293. What is the units digit of p?
7
Suppose -5*x + 8040 - 501 = 2*a, 5*a - 4512 = -3*x. What is the thousands digit of x?
1
Suppose 30*w - 179571 = 119049. What is the hundreds digit of w?
9
Suppose 5*t - 9136 = -5*i + 26359, 28405 = 4*t + i. What is the units digit of t?
2
What is the units digit of -1 - (59028/(-9))/(16/24)?
7
Let a(j) be the third derivative of j**6/120 + 11*j**5/60 + 7*j**4/24 - 13*j**3/6 - 2*j**2. Let v = 336 + -346. What is the tens digit of a(v)?
1
Suppose -3914 = -19*v + 16*v + 2*o, 5242 = 4*v + 2*o. What is the hundreds digit of v?
3
Suppose -3*f = -m + 130, -3*f = m + 108 + 26. Let v be 436/(-6) + -4 - 2/6. Let q = f - v. What is the tens digit of q?
3
What is the thousands digit of -16 + 21 - (-3689 - 5 - -5)?
3
Suppose 8512 = 5*p + 9*p. Let j = -276 + p. What is the hundreds digit of j?
3
Let w(z) = -z**2 + 7*z + 4. Let f be 5 + -3 + 0/4. Let t be (-2)/(-2) + f/(-1 + -1). What is the units digit of w(t)?
4
Let t(k) = 5*k**2 + 26*k - 23. Let o be (-3)/((-192)/496) - 1/(-4). What is the tens digit of t(o)?
0
Suppose 0*b = -5*x - 2*b + 21, 5*b - 10 = -4*x. Suppose 2*s - 682 = 4*t, -x*t = -5*s - 4*t + 1750. What is the units digit of s?
1
Suppose 0 = -5*p + p - 2383 + 2947. Suppose 3*u = 555 + 96. Let k = u - p. What is the units digit of k?
6
Let l be (13 - 5)/(4/(-2)). Let u(d) = -29*d + 3. What is the hundreds digit of u(l)?
1
Suppose 920*s - 1992010 = 862*s. What is the hundreds digit of s?
3
Suppose -5*m = -4*r + 27, r + 11*m - 6 = 12*m. Suppose 2*i + r*d - 534 = 0, -3*i + 262 = -2*i + 4*d. What is the hundreds digit of i?
2
Let f be 2 + (-3 - -2) - -31. Suppose -26 = -28*k + 1962. Let v = k - f. What is the tens digit of v?
3
Suppose -5*n + 12 = -n. Let w be (-11)/(-4) - n - 4/(-16). Suppose -44 + 4 = -q - 4*x, -2*q + x + 62 = w. What is the units digit of q?
2
Let r be 4/(1*(-3)/((-18)/4)). Suppose 0 = -3*s - r - 21. Let c(f) = 3*f + 46. What is the tens digit of c(s)?
1
Let u = -212 - -453. Suppose -3*x = -3*w + 289 + 452, u = w - 3*x. What is the hundreds digit of w?
2
Let u = 47 + -41. Suppose -3*y + 3 = -3*q, -5*y - 2*q + 6 + u = 0. Suppose -92 - 104 = -y*v. What is the tens digit of v?
9
What is the hundreds digit of (-14)/(20 - 6)*-1564?
5
Suppose u = -2*u - v + 16, -2*u = -v - 4. Suppose -u*y + 8*y = 8. Suppose -308 = -0*z - y*z. What is the tens digit of z?
5
Let l = -318 - -80. What is the hundreds digit of 9 + -3 + 2 - l?
2
Let z(g) = -101*g**3 - 14*g**2 + 11*g + 40. What is the thousands digit of z(-4)?
6
Suppose -5*h - 4295 = -t, t + 4*h - 4325 = 3*h. What is the tens digit of t?
2
Let o = -15 + 9. Let b(c) = 27*c - 57. Let t(h) = -9*h + 19. Let a(x) = -3*b(x) - 8*t(x). What is the tens digit of a(o)?
7
Let a(s) be the third derivative of s**6/120 - s**5/12 - 17*s**4/24 - 8*s**3/3 - 6*s**2. Let d be a(8). Suppose h - 138 = -d. What is the tens digit of h?
9
What is the hundreds digit of (-28039)/(-2) + 410/(-820)?
0
Suppose -14258 = -13*a - 4537 + 251423. What is the hundreds digit of a?
0
Let c(x) = -298*x + 907. What is the tens digit of c(-20)?
6
Suppose -6*u + 5*u = 4. Let t(l) = 22*l**2 + 10*l + 10. Let c be t(u). Suppose s + c = 2*q, -10*q = -15*q - 5*s + 820. What is the tens digit of q?
6
Suppose -449*n = -433*n - 462464. What is the ten thousands digit of n?
2
Let d(h) = -h**3 - 14*h**2 - h - 2. Let o be d(-14). Let i be ((-423)/o)/(9/24). Let u = -64 - i. What is the units digit of u?
0
Suppose -17*s + 11*s = -198. Let w be 11/(s/6) + (112 - 2). Let i = w + -6. What is the units digit of i?
6
Suppose 0 = -2*j + 43 + 1361. Suppose b = -2*h + j, 2*h = 8*b - 7*b - 722. What is the units digit of b?
2
Let s(g) = -g**3 + 19*g**2 - 19*g + 18. Let v be s(18). Let m be 127/((13 - 14) + (v - -2)). Let p = m - 111. What is the tens digit of p?
1
Let h(d) = 106*d**2 + 3*d - 1. Let n be h(1). Let r = n + -114. What is the units digit of 1 + 158 + (-2 - r)?
3
Suppose q + j - 19348 = 22746, 0 = -3*q - 5*j + 126288. What is the hundreds digit of q?
0
Let i = 2067 + 817. What is the tens digit of i?
8
Suppose -z + 4*i = 1, -6 = -z - i - 2*i. Suppose 2*p + 2*o = 4*p + 10, 5*p - z*o + 21 = 0. What is the tens digit of ((-1)/p)/(310/(-156) - -2)?
2
Let k(v) = 2621*v**2 - 146*v + 296. What is the units digit of k(2)?
8
What is the tens digit of (3959954/(-5648))/(1/(-8))?
0
Suppose 0 = -27*h - 22357 + 22087. Let c(i) = -3*i**2 + 4*i + 4*i**2 + 0*i**2 + 2. What is the units digit of c(h)?
2
Let l(o) = o**3 - 14*o**2 + 25*o + 76. What is the units digit of l(23)?
2
Let b(m) = 9*m - 67. Let k(p) = -5*p + 33. Let a(s) = -3*b(s) - 5*k(s). Suppose 0 = -5*u + t - 9 - 59, 0 = -2*u - 4*t - 36. What is the tens digit of a(u)?
6
Let x(p) = -2*p**3 - 49*p**2 + p - 35. Let w be (-227)/9 + (-736)/(-72) + -10. What is the units digit of x(w)?
5
What is the thousands digit of (43020/8 - -11)*2*(-2 - -3)?
0
Suppose -128540 = -18*u - 2*u. What is the hundreds digit of u?
4
Suppose -91 = -3*f + 35. Let m(x) = f + 6*x + 19 - 7 + 2. What is the tens digit of m(13)?
3
Let g be (-3)/(75/(-10))*495. Let r = 495 - g. What is the units digit of r?
7
Let d = 31977 - -7196. What is the tens digit of d?
7
Let j = -385 + 388. Suppose 0 = -j*o + 2974 - 304. What is the tens digit of o?
9
Let z = 2850 - 2844. Let q(a) = a**3 + 5*a**2 + 2*a + 7. Let y be q(-5). What is the tens digit of y - (-72)/(-16)*(-32)/z?
2
Suppose 3*b = 5*b. Suppose 3*k - 274 - 53 = b. What is the tens digit of k?
0
Let i(a) = -a**3 + 38*a**2 - 17*a - 56. What is the units digit of i(36)?
4
Suppose 141*p = 143*p + 10. Let q(n) = -99*n + 2. What is the hundreds digit of q(p)?
4
Let z(q) = q + 3. Let v be z(-3). Suppose v = 16*o - 5*o - 8481. What is the hundreds digit of o?
7
Suppose s + 4*i = 5, -5*s + 2*s + 4*i - 17 = 0. Let v(z) be the second derivative of -11*z**3/6 - 7*z**2/2 - 247*z. What is the tens digit of v(s)?
2
Suppose 47*z + 130748 - 500779 = 0. What is the tens digit of z?
7
Suppose 7*c - 16 = 40. What is the tens digit of c - ((-30)/(-1))/(-5)?
1
Suppose -2*v + 26 = 4*i, -3*i + 4*i = -5*v - 7. Suppose 5*q - 1317 = -h - 0*h, 4*h = i. Suppose -2062 = -7*d - q. What is the units digit of d?
7
Suppose 7275577 = 627*u - 14719097 - 6540723. What is the thousands digit of u?
5
Suppose 3*d = -h - 31, -3*h + 3*d = -0*d + 129. Let s = -18 + h. Let m = -33 - s. What is the units digit of m?
5
Let j(b) = -135*b